 = -a**3 + 27*a**2 - 31*a - 88. What is c(26)?
-218
Let u(b) = 41*b - 693. What is u(17)?
4
Let x(c) = -2*c**2 - 22*c + 703. Calculate x(-25).
3
Let l(v) = v**3 - 4*v**2 + 24*v - 79. What is l(4)?
17
Let i(m) = -m**2 - 56*m + 930. What is i(-68)?
114
Let u(c) = 12*c**3 + 2*c - 5. What is u(2)?
95
Let t(h) = -h**3 + 9*h**2 + 42*h - 34. Determine t(12).
38
Let b(z) = z**3 + 11*z**2 - 16*z - 86. Calculate b(-13).
-216
Let r(o) = 147*o + 735. Calculate r(-5).
0
Let o(n) = 28*n - 430. Determine o(12).
-94
Let w(d) = -19*d**2 + 333*d - 166. What is w(17)?
4
Let a(m) = m**2 - 144*m - 526. Calculate a(0).
-526
Let n(t) = 378*t + 1816. Calculate n(-5).
-74
Let d(q) = -q**3 + 16*q**2 + 95*q - 13. Determine d(21).
-223
Let d(h) = 15*h**3 - 7*h**2 - 8*h - 3. Determine d(-1).
-17
Let y(d) = 4*d**2 + 8*d - 112. Give y(5).
28
Let q(f) = f**2 - 2723*f + 19014. Give q(7).
2
Let c(t) = 52*t + 321. Calculate c(-6).
9
Let v(b) = b**2 - 2*b - 142. What is v(11)?
-43
Let p(b) = 2*b**3 - 27*b**2 - 62*b - 7. Calculate p(15).
-262
Let a(v) = -1038*v + 13498. Give a(13).
4
Let y(x) = 18090*x + 108543. Give y(-6).
3
Let j(z) = 354*z - 69388. Calculate j(196).
-4
Let p(g) = g**2 - 116*g - 3683. Give p(-26).
9
Let z(h) = 149*h - 19052. Calculate z(128).
20
Let x(o) = o**2 + 4*o - 945. Give x(-33).
12
Let u(f) = 572*f + 3428. Determine u(-6).
-4
Let l(j) = -2*j + 283. What is l(10)?
263
Let s(n) = -2*n**2 + 32*n - 183. Give s(12).
-87
Let r(q) = q**2 + 32*q - 591. What is r(-45)?
-6
Let x(l) = -4*l**2 + 40*l + 83. What is x(11)?
39
Let c(r) = 2*r**2 + 165*r + 1910. What is c(-14)?
-8
Let z(n) = n**3 - 34*n**2 - 2736*n - 1. What is z(-38)?
-1
Let s(t) = -t**2 + 23*t - 42. Calculate s(24).
-66
Let p(h) = -h**3 - 15*h**2 - 27*h - 181. Calculate p(-14).
1
Let s(d) = 34*d - 234. Determine s(7).
4
Let g(y) = -17*y**2 + 6*y - 7. Determine g(2).
-63
Let m(u) = 4*u**2 + 33*u - 6. Determine m(5).
259
Let j(h) = -4*h**3 - 149*h**2 - 58*h - 781. Calculate j(-37).
-4
Let m(c) = 16*c - 62. Calculate m(-4).
-126
Let f(q) = -q**3 + 9*q**2 + 43*q + 11. Give f(13).
-106
Let h(k) = -k**2 - 47*k + 85. Calculate h(-49).
-13
Let k(y) = 18*y - 369. Calculate k(21).
9
Let o(m) = -28*m**2 + 670*m + 13. Determine o(24).
-35
Let n(g) = 22*g + 445. Calculate n(-18).
49
Let p(f) = -f**3 - 4*f**2 + 80*f + 289. Determine p(-4).
-31
Let x(k) = 110*k**2 - 315*k - 5. Determine x(3).
40
Let g(o) = o**3 - 4*o**2 - 57*o + 6. Give g(10).
36
Let r(i) = -2*i**3 + i**2 + 40*i + 29. What is r(5)?
4
Let a(c) = -3*c**3 + 68*c**2 - 60*c + 68. Determine a(22).
-284
Let g(n) = n**3 - 25*n**2 - 152*n + 55. Determine g(30).
-5
Let r(h) = -94*h - 2074. Give r(-22).
-6
Let z(a) = -a**3 - 55*a**2 + 170*a - 170. Determine z(-58).
62
Let j(z) = -6336*z - 44344. Give j(-7).
8
Let i(o) = -305*o - 2521. Give i(-8).
-81
Let q(y) = -2*y**3 - 18*y**2 + 24*y + 4. Give q(-10).
-36
Let s(x) = -187*x - 741. Calculate s(-4).
7
Let v(g) = 18*g**2 - 135*g - 24. Calculate v(8).
48
Let u(q) = q**3 + 48*q**2 + 37*q - 526. What is u(-47)?
-56
Let a(l) = 3*l**2 + 89*l + 241. Give a(-21).
-305
Let p(w) = w**2 + 39*w + 234. What is p(-9)?
-36
Let b(k) = k**3 + 6*k**2 + 46*k + 220. What is b(-5)?
15
Let k(x) = 1889*x - 1863. What is k(1)?
26
Let i(u) = -2*u**2 - 10*u - 5. What is i(-1)?
3
Let x(q) = 297*q + 37997. What is x(-128)?
-19
Let n(q) = q**3 + 29*q**2 - 391*q + 50. Give n(-39).
89
Let u(c) = -4*c**3 + 15*c**2 + 229*c - 10. What is u(-6)?
20
Let m(v) = v**3 + 60*v**2 - 126*v - 155. Determine m(-62).
-31
Let d(w) = 6*w**3 + 217*w**2 + 37*w + 59. What is d(-36)?
23
Let w(z) = -64*z - 8887. Calculate w(-139).
9
Let w(k) = -960*k - 19203. Determine w(-20).
-3
Let r(x) = -2*x**3 - 6*x**2 + 64*x + 172. Determine r(-6).
4
Let o(m) = 95*m - 2667. Determine o(28).
-7
Let m(l) = l**3 - 22*l**2 + 85*l + 67. Calculate m(6).
1
Let x(w) = 3*w**2 + 13*w + 48. What is x(-9)?
174
Let i(o) = -2*o**2 + 592*o + 6088. Determine i(-10).
-32
Let v(j) = j**3 - 17*j**2 - 43*j - 83. Determine v(18).
-533
Let b(r) = -284*r + 5962. What is b(21)?
-2
Let n(o) = -o**3 - 12*o**2 - 3*o - 28. What is n(-13)?
180
Let i(w) = -104*w - 532. Determine i(-5).
-12
Let o(n) = 5*n**2 - 177*n + 4. What is o(35)?
-66
Let r(o) = -3*o**2 - 6*o - 16. What is r(-8)?
-160
Let l(t) = 2*t**3 + 22*t**2 + 167*t + 654. Determine l(-6).
12
Let o(t) = t + 24. Calculate o(-3).
21
Let c(f) = 4*f**2 - 132*f + 86. Calculate c(33).
86
Let f(u) = 50*u + 12. What is f(1)?
62
Let k(d) = -48*d + 914. Calculate k(26).
-334
Let j(r) = -73*r + 1854. Determine j(25).
29
Let b(u) = u**3 - u**2 - 10*u + 304. Calculate b(0).
304
Let r(d) = -19*d**3 + 2*d**2 - 2*d - 4. Give r(0).
-4
Let f(v) = v**2 + 80*v + 5. Calculate f(0).
5
Let b(t) = 468*t - 6556. What is b(14)?
-4
Let x(p) = -84*p + 628. Give x(8).
-44
Let p(n) = -148*n + 427. What is p(3)?
-17
Let v(m) = -m**3 + 15*m**2 - 10*m - 28. Determine v(14).
28
Let q(w) = 2*w**3 - 7*w**2 + 2*w - 11. Determine q(8).
581
Let c(t) = 3*t**2 - 45*t + 237. Give c(8).
69
Let d(r) = 790*r + 6315. Determine d(-8).
-5
Let z(o) = 207*o - 126. What is z(1)?
81
Let f(p) = -p - 35. Give f(-33).
-2
Let w(p) = 2*p**3 - 11*p**2 - 11*p + 1. What is w(-1)?
-1
Let d(f) = -f**3 - 14*f**2 - 40*f - 221. Determine d(-14).
339
Let o(m) = -m**3 + 9*m**2 - 5*m - 17. What is o(8)?
7
Let i(n) = -n**3 + 13*n**2 - 46*n + 81. What is i(8)?
33
Let t(a) = -599*a - 108440. Determine t(-181).
-21
Let f(q) = -2*q**2 + 193*q + 6355. Give f(-26).
-15
Let d(g) = -g**3 + 10*g**2 + 206*g - 131. Give d(20).
-11
Let b(l) = -123*l - 75. What is b(-1)?
48
Let c(w) = w**3 - 3*w**2 - 26*w - 12. What is c(-3)?
12
Let p(g) = -136*g - 7. Give p(1).
-143
Let v(z) = -3*z**2 - 37*z - 84. What is v(-9)?
6
Let j(l) = -5*l**2 - 144*l + 295. Give j(2).
-13
Let q(m) = -m**2 + 77*m - 588. Calculate q(11).
138
Let f(i) = -18*i**2 + 336*i + 105. Calculate f(19).
-9
Let h(u) = 15*u**2 - 42*u + 171. What is h(4)?
243
Let s(l) = -l**3 + 36*l**2 + 61*l + 565. Determine s(38).
-5
Let j(s) = s**2 + 427*s + 7350. What is j(-18)?
-12
Let o(c) = -c**3 + 30*c**2 + 3*c - 63. Calculate o(30).
27
Let j(c) = -29*c**2 + 72*c + 23. What is j(3)?
-22
Let q(z) = 17*z + 1216. What is q(-72)?
-8
Let u(y) = 29*y**2 + 19*y + 56. Calculate u(-6).
986
Let g(i) = -26*i + 89. Give g(1).
63
Let b(q) = -6*q**2 + 155*q - 2. Give b(26).
-28
Let d(j) = -8*j + 112. Determine d(-6).
160
Let h(v) = -v**2 + 3*v + 130. Calculate h(-10).
0
Let c(m) = -2*m**3 + 6*m**2 - 6*m - 7. Give c(2).
-11
Let h(b) = b**2 + 33*b - 298. Determine h(6).
-64
Let l(p) = p**3 - 16*p**2 + 43*p + 14. Calculate l(12).
-46
Let b(q) = -q**3 + 7*q**2 + 4*q + 42. What is b(7)?
70
Let h(b) = 4*b**2 + 3*b - 9. Calculate h(-3).
18
Let s(t) = -3*t**3 + 23*t**2 - 39*t + 261. Give s(8).
-115
Let l(x) = x**2 + 18*x + 62. Calculate l(-7).
-15
Let m(v) = -8*v**2 - 199*v - 184. What is m(-23)?
161
Let b(r) = -r**2 + 35*r - 147. What is b(32)?
-51
Let d(r) = -241*r + 6250. Give d(26).
-16
Let g(u) = u**2 + 11*u + 36. What is g(-3)?
12
Let f(i) = -6*i**2 + 172*i + 46. What is f(29)?
-12
Let a(i) = -2*i**3 - 15*i**2 - 22*i - 8. What is a(-1)?
1
Let n(y) = 17718*y - 70855. What is n(4)?
17
Let z(l) = -3*l**3 - 15*l**2 - 11*l + 4. Determine z(-6).
178
Let k(o) = -17*o**2 + 179*o - 20. Give k(11).
-108
Let z(g) = g**3 - 14*g**2 + 25*g - 35. Determine z(14).
315
Let q(m) = 30*m + 486. Determine q(-16).
6
Let l(z) = 2*z**2 + 13*z - 48. Give l(-10).
22
Let i(a) = 12*a**2 + 9*a - 25. What is i(6)?
461
Let j(l) = -43*l - 222. Calculate j(-7).
79
Let u(v) = 14*v**2 + 587*v - 45. What is u(-42)?
-3
Let p(n) = -5*n**2 + 5*n + 7. Give p(5).
-93
Let i(k) = 260*k - 16385. What is i(63)?
-5
Let c(x) = -x**2 + 67*x - 381. Give c(6).
-15
Let c(k) = -2*k**2 + 297*k - 1482. Calculate c(5).
-47
Let f(l) = l**2 - 158*l - 5866. Determine f(-31).
-7
Let m(h) = 3*h - 144. Give m(17).
-93
Let z(r) = -r**3 - 37*r**2 - 166*r - 203. Give z(-32).
-11
Let m(g) = -g**2 + 5*g + 33. Calculate m(4).
37
Let k(v) = 77*v**2 + 468*v - 18. Determine k(-6).
-54
Let c(m) = -247*m + 41009. Determine c(166).
7
Let h(d) = -116*d**3 - 468*d**2 - 21*d - 24. Calculate h(-4).
-4
Let n(k) = 8*k**2 + 39*k - 10. Determine n(-4).
-38
Let h(z) = 22*z**2 + 279*z - 83. Calculate h(-13).
8
Let k(p) = -6*p**2 + 59*p + 227. Give k(-3).
-4
Let f(h) =